
True
Is 1346533 composite?
False
Is 90359 a prime number?
True
Is 327281 prime?
False
Is 11878 a prime number?
False
Is 42611 a prime number?
True
Is 319173 a composite number?
True
Is 277705 prime?
False
Is 122981 a composite number?
True
Is 570527 composite?
False
Is 7121 composite?
False
Is 1091219 prime?
True
Is 6121 composite?
False
Is 6599 composite?
False
Is 4476181 a composite number?
False
Is 420541 composite?
True
Is 7393 prime?
True
Is 1649 composite?
True
Is 630017 composite?
False
Is 53933 a composite number?
True
Is 15815 a prime number?
False
Is 1133 a composite number?
True
Is 566387 prime?
True
Is 55871 prime?
True
Is 29231 a composite number?
False
Is 79859 a composite number?
True
Is 94931 prime?
False
Is 43343 composite?
True
Is 659819 a composite number?
False
Is 161771 prime?
True
Is 28277 a prime number?
True
Is 119291 a prime number?
True
Is 503263 a composite number?
True
Is 2201 a composite number?
True
Is 10217 a composite number?
True
Is 107187 a prime number?
False
Is 1991653 composite?
False
Is 1150153 a prime number?
False
Is 78479 composite?
False
Is 16601 a prime number?
False
Is 13517 composite?
True
Is 288413 prime?
True
Is 8441 a composite number?
True
Is 4849 a prime number?
False
Is 28939 a composite number?
True
Is 175727 composite?
False
Is 1118071 prime?
False
Is 300253 a prime number?
False
Is 110509 a composite number?
True
Is 2025221 composite?
True
Is 3018347 composite?
False
Is 545759 a prime number?
True
Is 63979 prime?
False
Is 5051 a composite number?
False
Is 5979 a prime number?
False
Is 1813145 composite?
True
Is 16973 a composite number?
True
Is 8543 a prime number?
True
Is 62207 a prime number?
True
Is 52949 prime?
False
Is 19387 prime?
True
Is 25523 a composite number?
False
Is 413767 composite?
True
Is 2459 composite?
False
Is 710767 a composite number?
True
Is 100505 composite?
True
Is 289657 composite?
False
Is 24469 a prime number?
True
Is 14167 composite?
True
Is 11963 composite?
True
Is 399059 prime?
True
Is 418051 a composite number?
False
Is 2187697 prime?
True
Is 1459061 a prime number?
True
Is 45481 prime?
True
Is 439657 a composite number?
True
Is 2999 composite?
False
Is 8251 a composite number?
True
Is 14969 prime?
True
Is 66083 a prime number?
True
Is 2155 a composite number?
True
Is 9533 a prime number?
True
Is 8179 a composite number?
False
Is 6623 composite?
True
Is 7609 a prime number?
False
Is 5087 composite?
False
Is 1236827 a prime number?
True
Is 2161 composite?
False
Is 1478 prime?
False
Is 19531 a prime number?
True
Is 432539 a prime number?
True
Is 5855 a composite number?
True
Is 335149 a composite number?
False
Is 2569 a prime number?
False
Is 14567 composite?
True
Is 166723 a composite number?
False
Is 19949 prime?
True
Is 460327 prime?
False
Is 2464193 a composite number?
True
Is 1219 a composite number?
True
Is 68977 a composite number?
True
Is 32347 prime?
False
Is 683 a composite number?
False
Is 541 a prime number?
True
Is 56995 composite?
True
Is 278813 prime?
True
Is 155301 a composite number?
True
Is 5669 a composite number?
False
Is 20029 prime?
True
Is 184207 a composite number?
True
Is 233897 prime?
False
Is 10831 prime?
True
Is 2267 a prime number?
True
Is 10063 a composite number?
True
Is 17333 prime?
True
Is 1003933 a composite number?
True
Is 11917 a prime number?
False
Is 88823 a prime number?
False
Is 2474 a composite number?
True
Is 87891 prime?
False
Is 43931 a composite number?
True
Is 1055417 a composite number?
True
Is 2129 a composite number?
False
Is 174821 a composite number?
False
Is 9451 a composite number?
True
Is 6383 a prime number?
False
Is 1061447 a composite number?
True
Is 50981 a composite number?
True
Is 832183 a prime number?
False
Is 28505 a composite number?
True
Is 910001 a prime number?
False
Is 282277 prime?
False
Is 6523 composite?
True
Is 963431 a prime number?
False
Is 7919 composite?
False
Is 393 composite?
True
Is 1647797 a composite number?
False
Is 64403 a prime number?
True
Is 1902097 a prime number?
True
Is 33643 prime?
False
Is 22886 composite?
True
Is 28673 prime?
False
Is 1392449 composite?
False
Is 39211 a composite number?
True
Is 803291 composite?
True
Is 39803 composite?
True
Is 171223 composite?
True
Is 29311 a prime number?
True
Is 11171 a composite number?
False
Is 12827 prime?
False
Is 2521 composite?
False
Is 9527 composite?
True
Is 176493 composite?
True
Is 249877 a composite number?
True
Is 183163 composite?
True
Is 66565 prime?
False
Is 556093 prime?
True
Is 52973 a prime number?
True
Is 10743 a composite number?
True
Is 954607 a prime number?
False
Is 10663 composite?
False
Is 2030879 composite?
False
Is 11467 prime?
True
Is 3068249 a composite number?
True
Is 1018271 prime?
True
Is 2383527 a composite number?
True
Is 6047 prime?
True
Is 3263 prime?
False
Is 60311 a prime number?
False
Is 6547 prime?
True
Is 178091 prime?
True
Is 341779 prime?
False
Is 1037893 composite?
False
Is 62407 composite?
True
Is 26179 a composite number?
True
Is 12227 a composite number?
False
Is 142939 a composite number?
False
Is 1055657 a composite number?
True
Is 907 composite?
False
Is 176005 a prime number?
False
Is 129803 a composite number?
False
Is 321359 prime?
True
Is 516277 a prime number?
True
Is 5129 a composite number?
True
Is 60659 a composite number?
False
Is 1319 composite?
False
Is 32407 a composite number?
True
Is 114007 composite?
True
Is 46327 a composite number?
False
Is 1041 composite?
True
Is 1018 a composite number?
True
Is 10249 composite?
True
Is 29518 composite?
True
Is 89 composite?
False
Is 2036951 a prime number?
False
Is 2207 a composite number?
False
Is 60997 a prime number?
False
Is 2923 composite?
True
Is 468991 prime?
False
Is 31133 prime?
False
Is 322323 composite?
True
Is 83621 a prime number?
True
Is 9973 a composite number?
False
Is 228127 composite?
False
Is 2429 prime?
False
Is 45361 composite?
False
Is 276707 composite?
False
Is 1189 prime?
False
Is 161137 prime?
True
Is 68759 prime?
False
Is 1575863 a composite number?
True
Is 11945 composite?
True
Is 25931 a prime number?
True
Is 125189 a composite number?
True
Is 33137 a composite number?
True
Is 249913 a composite number?
True
Is 69383 a composite number?
False
Is 14107 a prime number?
True
Is 3561 prime?
False
Is 136943 a composite number?
False
Is 1823 a prime number?
True
Is 43445 composite?
True
Is 4565069 a prime number?
True
Is 12179 a prime number?
False
Is 2381735 composite?
True
Is 757457 a composite number?
False
Is 722447 a composite number?
True
Is 2833 a composite number?
False
Is 304597 composite?
False
Is 1977 prime?
False
Is 50305 composite?
True
Is 348527 a prime number?
True
Is 530479 prime?
False
Is 75869 prime?
True
Is 6947 composite?
False
Is 1590383 a prime number?
True
Is 3611 a prime number?
False
Is 494123 a composite number?
True
Is 3761 prime?
True
Is 44579 prime?
True
Is 192409 composite?
True
Is 106903 a prime number?
True
Is 111898 prime?
False
Is 5507 a composite number?
False
Is 333019 composite?
False
Is 3571 composite?
False
Is 1073491 composite?
False
Is 41329 a prime number?
False
Is 35729 composite?
False
Is 495701 a composite number?
False
Is 2660473 composite?
False
Is 100907 composite?
False
Is 118751 prime?
True
Is 938921 a prime number?
True
Is 187205 a prime number?
False
Is 6289 a prime number?
False
Is 37211 prime?
False
Is 18979 prime?
True
Is 26603 a composite number?
True
Is 70177 a composite number?
False
Is 7799 prime?
False
Is 14461 prime?
True
Is 107641 a prime number?
True
Is 3989 composite?
False
Is 6324689 prime?
False
Is 595783 composite?
True
Is 313447 composite?
True
Is 1133 a prime number?
False
Is 2437 a composite number?
False
Is 586691 prime?
False
Is 14659 prime?
False
Is 423107 composite?
True
Is 489029 a prime number?
False
Is 6103 prime?
False
Is 23143 a prime number?
True
Is 174379 a prime number?
False
Is 1114 a prime number?
False
Is 16033 a prime number?
True
Is 208183 prime?
False
Is 1424033 prime?
False
Is 283723 a prime number?
False
Is 33379 a composite number?
True
Is 1510863 composite?
True
Is 204173 prime?
True
Is 941201 composite?
False
Is 15529 composite?
True
Is 6359 composite?
False
Is 69107 composite?
True
Is 22613 a prime number?
True
I